2
What is the highest common factor of 8977015 and 3765?
1255
What is the greatest common factor of 15694 and 1307124?
266
Calculate the highest common divisor of 21909825 and 756.
189
What is the greatest common factor of 24888 and 204192?
24
What is the greatest common divisor of 759648 and 333084?
492
Calculate the highest common factor of 390 and 2354960.
10
Calculate the greatest common divisor of 54531570 and 345.
15
What is the highest common divisor of 13916520 and 367865?
6235
Calculate the highest common divisor of 2 and 28160114.
2
What is the highest common factor of 1694367 and 2325?
93
What is the greatest common divisor of 171296 and 104?
8
Calculate the greatest common divisor of 347950860 and 60.
60
Calculate the greatest common factor of 38116227 and 153.
51
What is the greatest common factor of 64414 and 412699?
749
What is the highest common divisor of 1715 and 2151685?
5
What is the highest common divisor of 1280 and 247264?
32
What is the greatest common divisor of 57 and 12448249?
19
What is the highest common factor of 1446 and 236647058?
482
Calculate the greatest common factor of 50 and 65223130.
10
What is the highest common factor of 239596 and 9548?
28
Calculate the greatest common divisor of 2743477 and 2589.
863
What is the highest common factor of 22781 and 42427?
209
Calculate the greatest common divisor of 120 and 13956760.
40
What is the greatest common divisor of 1152055 and 35741?
103
What is the greatest common factor of 21468 and 1413635598?
10734
Calculate the greatest common divisor of 8464 and 482800.
16
Calculate the greatest common factor of 536634 and 4172.
14
What is the greatest common factor of 9140988 and 3540?
708
Calculate the greatest common divisor of 11458 and 13260950.
674
What is the greatest common divisor of 378207 and 4?
1
What is the highest common factor of 27157 and 7242563?
2089
What is the greatest common divisor of 270 and 94149810?
270
Calculate the greatest common factor of 682 and 1833557.
341
Calculate the greatest common factor of 36930612 and 3657.
159
What is the highest common divisor of 344735 and 40635?
5
What is the highest common divisor of 564 and 122721324?
564
Calculate the highest common divisor of 376 and 1648901.
47
Calculate the greatest common factor of 7847 and 464569.
133
Calculate the highest common divisor of 16796 and 11152.
68
Calculate the highest common divisor of 162108 and 29425604.
6004
Calculate the greatest common divisor of 6060 and 157068.
12
What is the greatest common factor of 132 and 24750924?
132
Calculate the highest common divisor of 6833478 and 7210734.
8574
What is the greatest common divisor of 8316 and 109236?
12
Calculate the highest common divisor of 950225 and 144205.
955
What is the highest common factor of 540452 and 23998?
142
What is the highest common divisor of 27874 and 6874742?
2534
What is the highest common divisor of 221 and 33608813?
17
Calculate the highest common factor of 2218559 and 1897.
7
Calculate the highest common divisor of 1170540 and 4788.
252
What is the greatest common factor of 430 and 36895290?
430
What is the highest common divisor of 2300 and 10494325?
575
Calculate the greatest common divisor of 371700 and 18270.
630
What is the greatest common divisor of 9035 and 4024243210?
9035
Calculate the greatest common factor of 629352321 and 1847.
1847
What is the greatest common divisor of 277860141 and 117?
117
What is the greatest common factor of 2046035 and 1615?
85
What is the highest common factor of 57739654 and 2611?
2611
Calculate the highest common factor of 8215 and 1580195.
265
Calculate the highest common divisor of 2124 and 16494276.
708
Calculate the greatest common divisor of 80008 and 217832.
584
Calculate the highest common divisor of 1 and 3427747.
1
What is the greatest common divisor of 6531 and 659463?
21
Calculate the highest common divisor of 5586000 and 14640.
240
Calculate the highest common divisor of 25045 and 83545111.
5009
What is the greatest common factor of 155200 and 30300?
100
What is the greatest common factor of 833041790 and 14?
14
Calculate the greatest common divisor of 171382136 and 2149.
307
What is the greatest common divisor of 1815 and 723063?
33
Calculate the greatest common factor of 87580125 and 4050.
225
What is the highest common factor of 103390 and 27085226?
2954
Calculate the highest common divisor of 37080 and 133506.
18
Calculate the highest common factor of 425154 and 4661.
59
What is the greatest common factor of 198109465 and 460?
115
Calculate the highest common divisor of 86 and 46446.
2
Calculate the greatest common factor of 330075 and 2037150.
2025
Calculate the highest common factor of 22804180 and 133.
133
Calculate the highest common divisor of 4292 and 1691512.
116
What is the greatest common factor of 2832951 and 2145?
33
Calculate the greatest common factor of 310 and 30760742.
62
What is the highest common divisor of 21200 and 382734200?
10600
What is the greatest common factor of 26658860 and 11370?
3790
What is the greatest common divisor of 70657750 and 274?
274
What is the highest common divisor of 36 and 9494046?
18
What is the highest common factor of 68691406 and 6186?
2062
Calculate the highest common factor of 380567364 and 60.
12
Calculate the greatest common divisor of 316359 and 7290.
27
Calculate the greatest common divisor of 345 and 247654685.
115
Calculate the highest common factor of 37776 and 1008102928.
12592
Calculate the highest common factor of 187 and 237259.
11
What is the highest common factor of 28407636 and 261?
9
Calculate the highest common factor of 20067684 and 20163.
1833
What is the highest common factor of 115555948 and 228?
76
What is the greatest common divisor of 501 and 42357880?
167
What is the greatest common divisor of 274 and 13094597?
137
What is the highest common factor of 585 and 1447225?
65
What is the highest common divisor of 1111195 and 268?
67
What is the highest common divisor of 1584 and 1206656?
176
Calculate the greatest common divisor of 4484 and 478136.
236
What is the greatest common factor of 29768 and 147376?
488
What is the highest common divisor of 79565665 and 5?
5
Calculate the highest common divisor of 109858 and 1386602.
98
Calculate the greatest common factor of 5104419 and 12.
3
What is the highest common factor of 84112 and 4144?
112
Calculate the highest common factor of 9686 and 183367.
29
What is the greatest common divisor of 4224 and 7018880?
1408
Calculate the greatest common factor of 7190 and 11998672.
1438
Calculate the highest common divisor of 103491 and 134379.
27
Calculate the highest common divisor of 3312 and 12701796.
276
Calculate the highest common factor of 363203 and 80098.
1381
Calculate the highest common divisor of 404 and 27857012.
404
What is the highest common divisor of 752024 and 118664?
728
Calculate the greatest common factor of 13448 and 267976.
328
What is the greatest common factor of 1406088 and 22184?
472
Calculate the greatest common factor of 382875051 and 2613.
2613
Calculate the highest common divisor of 2382432 and 182832.
624
Calculate the highest common divisor of 540 and 10259892.
108
What is the highest common divisor of 713 and 1856962?
31
What is the greatest common divisor of 355872 and 904?
8
What is the highest common divisor of 290 and 3484413655?
145
Calculate the highest common divisor of 20365591 and 1114.
557
What is the highest common factor of 74800 and 634480?
880
Calculate the highest common factor of 2674440 and 51.
51
What is the highest common divisor of 3892 and 627446?
278
What is the highest common divisor of 441045 and 78435?
135
What is the greatest common factor of 836418 and 897?
69
Calculate the highest common factor of 41517 and 68396951.
4613
Calculate the highest common factor of 18831 and 1437.
3
Calculate the greatest common divisor of 249 and 12585871.
83
Calculate the greatest common factor of 17478 and 711000.
18
Calculate the highest common divisor of 13849473 and 115.
23
Calculate the greatest common divisor of 410916 and 28583.
283
Calculate the greatest common divisor of 220 and 195583630.
110
What is the highest common divisor of 378052 and 1056?
4
What is the greatest common factor of 